7, 61, 1889, 2287
List the prime factors of 1683053635.
5, 17, 23, 89, 569
List the prime factors of 175095409.
31, 5648239
What are the prime factors of 423411931?
139, 617, 4937
List the prime factors of 669996797.
47, 53, 277, 971
List the prime factors of 2899436484.
2, 3, 7, 73, 472837
List the prime factors of 3508426.
2, 17, 19, 5431
List the prime factors of 3646598138.
2, 31, 41, 1434539
What are the prime factors of 3003925941?
3, 59, 79, 101, 709
List the prime factors of 786082449.
3, 12539, 20897
What are the prime factors of 1258224673?
331, 3801283
What are the prime factors of 161230010?
2, 5, 19, 848579
List the prime factors of 626018561.
7, 757, 2411
List the prime factors of 1137853019.
19, 29, 281, 7349
What are the prime factors of 476892818?
2, 19, 1291, 9721
What are the prime factors of 126957972?
2, 3, 17, 233, 2671
List the prime factors of 82173010.
2, 5, 8217301
List the prime factors of 110342489.
311, 354799
What are the prime factors of 19251623?
47, 409609
What are the prime factors of 187784191?
7, 113, 237401
What are the prime factors of 47202644?
2, 41, 287821
List the prime factors of 2949555558.
2, 3, 23, 21373591
What are the prime factors of 3236111432?
2, 17, 2861, 8317
List the prime factors of 219797737.
109, 2016493
What are the prime factors of 3480389792?
2, 11, 503, 1787
List the prime factors of 25032712.
2, 3129089
What are the prime factors of 22896233?
22896233
What are the prime factors of 242707147?
17, 2789, 5119
List the prime factors of 188731499.
11, 61, 73, 3853
What are the prime factors of 912761760?
2, 3, 5, 53, 35879
What are the prime factors of 381381048?
2, 3, 409, 1439
List the prime factors of 57580064.
2, 73, 157
What are the prime factors of 2217244711?
11, 201567701
What are the prime factors of 89304522?
2, 3, 19, 783373
List the prime factors of 3834589697.
53, 521, 138869
What are the prime factors of 39820514?
2, 1429, 13933
List the prime factors of 381222913.
137, 2782649
What are the prime factors of 182512333?
631, 289243
List the prime factors of 510041317.
510041317
What are the prime factors of 1400742006?
2, 3, 31, 257, 29303
What are the prime factors of 806692053?
3, 163, 1649677
What are the prime factors of 1363098355?
5, 272619671
What are the prime factors of 8511910?
2, 5, 11, 223, 347
What are the prime factors of 22261096?
2, 11, 13, 29, 61
What are the prime factors of 3993686214?
2, 3, 7, 1129, 84223
List the prime factors of 95699197.
11, 587, 14821
List the prime factors of 90319825.
5, 19, 190147
What are the prime factors of 1233207692?
2, 19, 83, 137, 1427
List the prime factors of 6095837670.
2, 3, 5, 13, 103, 263, 577
List the prime factors of 2597890.
2, 5, 71, 3659
What are the prime factors of 248902689?
3, 7, 31, 433, 883
What are the prime factors of 70168545?
3, 5, 29, 17923
List the prime factors of 3380474286.
2, 3, 7, 26829161
List the prime factors of 938065981.
13009, 72109
What are the prime factors of 12293265?
3, 5, 739, 1109
What are the prime factors of 426223797?
3, 142074599
What are the prime factors of 61599407?
61599407
List the prime factors of 3392838956.
2, 13, 257, 253879
List the prime factors of 5205219351.
3, 1735073117
What are the prime factors of 220805106?
2, 3, 23, 1600037
List the prime factors of 19325163.
3, 11, 13, 107, 421
What are the prime factors of 5019962590?
2, 5, 2137, 234907
What are the prime factors of 58544418?
2, 3, 9757403
What are the prime factors of 228183457?
228183457
What are the prime factors of 18627653?
11, 41, 103, 401
List the prime factors of 7113101.
7113101
What are the prime factors of 102553703?
7, 14650529
List the prime factors of 99512178.
2, 3, 2731, 6073
List the prime factors of 115475413.
7937, 14549
List the prime factors of 220049374.
2, 19, 1069, 5417
List the prime factors of 47931708.
2, 3, 11, 363119
What are the prime factors of 778735879?
778735879
List the prime factors of 68976823.
337, 204679
List the prime factors of 133454470.
2, 5, 3001, 4447
List the prime factors of 13927191.
3, 4642397
What are the prime factors of 183281550?
2, 3, 5, 751, 1627
What are the prime factors of 1129676446?
2, 61, 1811, 5113
What are the prime factors of 1087096444?
2, 7, 2621, 14813
What are the prime factors of 582004122?
2, 3, 7, 191, 72551
List the prime factors of 2791382107.
2791382107
What are the prime factors of 81285769?
109, 745741
What are the prime factors of 29271211?
53, 479, 1153
What are the prime factors of 6471536293?
97, 66716869
What are the prime factors of 3175125724?
2, 1063, 746737
List the prime factors of 9079721.
7, 1297103
List the prime factors of 17151775.
5, 19, 36109
List the prime factors of 1419746579.
1419746579
What are the prime factors of 214332094?
2, 179, 401, 1493
What are the prime factors of 77560965?
3, 5, 1723577
List the prime factors of 160719431.
977, 164503
What are the prime factors of 95359603?
71, 241, 5573
What are the prime factors of 413092669?
11, 109, 31321
List the prime factors of 1057465894.
2, 23, 22988389
What are the prime factors of 946873013?
946873013
What are the prime factors of 3160375693?
31, 101947603
List the prime factors of 1175224327.
1175224327
List the prime factors of 3378428.
2, 19, 44453
What are the prime factors of 2040956718?
2, 3, 461, 737873
List the prime factors of 1670220022.
2, 25463, 32797
What are the prime factors of 499676877?
3, 7, 19, 347, 401
What are the prime factors of 883484969?
883484969
List the prime factors of 372736718.
2, 19, 61, 401
What are the prime factors of 1406521609?
79, 17804071
What are the prime factors of 245336405?
5, 49067281
List the prime factors of 1940077.
347, 5591
List the prime factors of 49846679.
29, 131, 13121
What are the prime factors of 120358386?
2, 3, 247651
List the prime factors of 2207856853.
1747, 1263799
What are the prime factors of 29380760?
2, 5, 17, 43207
List the prime factors of 444660660.
2, 3, 5, 2470337
List the prime factors of 11789795.
5, 107, 22037
List the prime factors of 103290945.
3, 5, 43, 160141
What are the prime factors of 13946941?
29, 480929
What are the prime factors of 85088129?
7, 12155447
What are the prime factors of 1148227596?
2, 3, 10631737
List the prime factors of 1376654848.
2, 89, 30211
What are the prime factors of 163660219?
1231, 132949
List the prime factors of 1298286348.
2, 3, 199, 543671
What are the prime factors of 953628285?
3, 5, 63575219
What are the prime factors of 60630080?
2, 5, 7, 27067
What are the prime factors of 3060671421?
3, 67, 15227221
What are the prime factors of 93845915?
5, 18769183
List the prime factors of 1970545167.
3, 479, 457097
List the prime factors of 6303776.
2, 196993
What are the prime factors of 56135920?
2, 5, 701699
List the prime factors of 514834192.
2, 131, 245627
What are the prime factors of 59026971?
3, 47, 418631
List the prime factors of 158147131.
127, 997, 1249
What are the prime factors of 1212916880?
2, 5, 7, 29, 74687
What are the prime factors of 112068091?
4643, 24137
List the prime factors of 2835246855.
3, 5, 7, 1367, 19753
List the prime factors of 166658543.
166658543
What are the prime factors of 477336905?
5, 19, 71, 70769
What are the prime factors of 11403376?
2, 712711
What are the prime factors of 54169513?
19, 1151, 2477
List the prime factors of 603496782.
2, 3, 7, 137, 34961
List the prime factors of 919522788.
2, 3, 59, 601, 2161
What are the prime factors of 1533940146?
2, 3, 5279, 5381
List the prime factors of 4181774.
2, 107, 19541
List the prime factors of 28939371.
3, 9646457
List the prime factors of 2064699.
3, 7, 13, 2521
What are the prime factors of 195953242?
2, 97976621
List the prime factors of 96909820.
2, 5, 7, 157, 4409
What are the prime factors of 47775009?
3, 15925003
List the prime factors of 959431343.
13, 2141, 34471
What are the prime factors of 1131286022?
2, 41, 67, 205913
List the prime factors of 1971597211.
40507, 48673
What are the prime factors of 34427141?
7, 137, 35899
What are the prime factors of 68167154?
2, 11, 3098507
List the prime factors of 3957550135.
5, 7, 11, 167, 61553
List the prime factors of 3937199.
7, 19, 4229
What are the prime factors of 197919645?
3, 5, 7, 11, 349, 491
List t